{"id":58,"date":"2024-09-01T00:14:42","date_gmt":"2024-08-31T21:14:42","guid":{"rendered":"https:\/\/filmiosterbotten.fi\/?page_id=58"},"modified":"2024-10-13T15:56:51","modified_gmt":"2024-10-13T12:56:51","slug":"ostrobothnia-film-fest","status":"publish","type":"page","link":"https:\/\/filmiosterbotten.fi\/sv\/ostrobothnia-film-fest\/","title":{"rendered":"Ostrobothnia Film Fest"},"content":{"rendered":"\n<div class=\"wp-block-group alignfull has-global-padding is-layout-constrained wp-container-core-group-is-layout-2df14bad wp-block-group-is-layout-constrained\" style=\"margin-top:0;margin-bottom:0;padding-top:var(--wp--preset--spacing--10);padding-right:var(--wp--preset--spacing--50);padding-bottom:var(--wp--preset--spacing--10);padding-left:var(--wp--preset--spacing--50)\">\n<div class=\"wp-block-group alignwide has-global-padding is-layout-constrained wp-container-core-group-is-layout-19e250f3 wp-block-group-is-layout-constrained\">\n<div class=\"wp-block-group is-vertical is-content-justification-center is-layout-flex wp-container-core-group-is-layout-6329a8f3 wp-block-group-is-layout-flex\">\n<h2 class=\"wp-block-heading has-text-align-center is-style-asterisk\">21-23 Februari 2025<\/h2>\n<\/div>\n\n\n\n<div style=\"height:var(--wp--preset--spacing--40)\" aria-hidden=\"true\" class=\"wp-block-spacer\"><\/div>\n\n\n\n<div class=\"wp-block-columns alignwide is-layout-flex wp-container-core-columns-is-layout-d1c656ed wp-block-columns-is-layout-flex\">\n<div class=\"wp-block-column is-vertically-aligned-center is-layout-flow wp-block-column-is-layout-flow\" style=\"flex-basis:40%\">\n<h3 class=\"wp-block-heading is-style-asterisk\">Branschdagen p\u00e5 fredag<\/h3>\n\n\n\n<ul style=\"line-height:1.75\" class=\"wp-block-list is-style-checkmark-list\">\n<li>Mingla med andra filmmakare.<\/li>\n\n\n\n<li>Inspireras av andras projekt.<\/li>\n\n\n\n<li>Diskussioner och intressanta talare.<\/li>\n<\/ul>\n<\/div>\n\n\n\n<div class=\"wp-block-column is-layout-flow wp-block-column-is-layout-flow\" style=\"flex-basis:50%\">\n<figure class=\"wp-block-image size-full is-style-rounded is-style-rounded--1\"><img loading=\"lazy\" decoding=\"async\" width=\"1280\" height=\"853\" src=\"https:\/\/filmiosterbotten.fi\/wp-content\/uploads\/2024\/09\/20240216-N48A2968-Enhanced-NR-October-Film-Fest-2024-VL-Large.jpeg\" alt=\"\" class=\"wp-image-65\" srcset=\"https:\/\/filmiosterbotten.fi\/wp-content\/uploads\/2024\/09\/20240216-N48A2968-Enhanced-NR-October-Film-Fest-2024-VL-Large.jpeg 1280w, https:\/\/filmiosterbotten.fi\/wp-content\/uploads\/2024\/09\/20240216-N48A2968-Enhanced-NR-October-Film-Fest-2024-VL-Large-600x400.jpeg 600w, https:\/\/filmiosterbotten.fi\/wp-content\/uploads\/2024\/09\/20240216-N48A2968-Enhanced-NR-October-Film-Fest-2024-VL-Large-768x512.jpeg 768w\" sizes=\"auto, (max-width: 1280px) 100vw, 1280px\" \/><\/figure>\n<\/div>\n<\/div>\n\n\n\n<div style=\"height:var(--wp--preset--spacing--40)\" aria-hidden=\"true\" class=\"wp-block-spacer\"><\/div>\n\n\n\n<div class=\"wp-block-columns alignwide is-layout-flex wp-container-core-columns-is-layout-d1c656ed wp-block-columns-is-layout-flex\">\n<div class=\"wp-block-column is-layout-flow wp-block-column-is-layout-flow\" style=\"flex-basis:50%\">\n<figure class=\"wp-block-image size-full is-style-rounded is-style-rounded--2\"><img loading=\"lazy\" decoding=\"async\" width=\"1280\" height=\"853\" src=\"https:\/\/filmiosterbotten.fi\/wp-content\/uploads\/2024\/09\/20240216-N48A3183-Enhanced-NR-Axel-Ahman-October-Film-Fest-2024-Pia-Lehto-VL-Large.jpeg\" alt=\"\" class=\"wp-image-63\" srcset=\"https:\/\/filmiosterbotten.fi\/wp-content\/uploads\/2024\/09\/20240216-N48A3183-Enhanced-NR-Axel-Ahman-October-Film-Fest-2024-Pia-Lehto-VL-Large.jpeg 1280w, https:\/\/filmiosterbotten.fi\/wp-content\/uploads\/2024\/09\/20240216-N48A3183-Enhanced-NR-Axel-Ahman-October-Film-Fest-2024-Pia-Lehto-VL-Large-600x400.jpeg 600w, https:\/\/filmiosterbotten.fi\/wp-content\/uploads\/2024\/09\/20240216-N48A3183-Enhanced-NR-Axel-Ahman-October-Film-Fest-2024-Pia-Lehto-VL-Large-768x512.jpeg 768w\" sizes=\"auto, (max-width: 1280px) 100vw, 1280px\" \/><\/figure>\n<\/div>\n\n\n\n<div class=\"wp-block-column is-vertically-aligned-center is-layout-flow wp-block-column-is-layout-flow\" style=\"flex-basis:40%\">\n<h3 class=\"wp-block-heading is-style-asterisk\">Filmer och diskussioner f\u00f6r bred publik l\u00f6rdag och s\u00f6ndag<\/h3>\n\n\n\n<ul style=\"line-height:1.75\" class=\"wp-block-list is-style-checkmark-list\">\n<li>Ett urval premi\u00e4rfilmer och f\u00f6rhandsvisningar.<\/li>\n\n\n\n<li>Diskussioner med filmmakare.<\/li>\n\n\n\n<li>Barnens dag p\u00e5 s\u00f6ndag!<\/li>\n<\/ul>\n<\/div>\n<\/div>\n<\/div>\n<\/div>\n\n\n\n<div style=\"height:100px\" aria-hidden=\"true\" class=\"wp-block-spacer\"><\/div>\n\n\n\n<p><strong>Ostrobothnia Film Fest<\/strong>&nbsp;\u00e4r en filmfestival som har vuxit fram ur den uppskattade October Filmfest, vilken sedan 2011 har varit en samlingspunkt f\u00f6r film\u00e4lskare och kreat\u00f6rer i \u00d6sterbotten. Med festivalens nya inriktning 2024, och dess bredare fokus p\u00e5 regionens kulturella m\u00e5ngfald och kreativitet, forts\u00e4tter den att erbjuda en plattform f\u00f6r filmskapare och publik att m\u00f6tas.&nbsp;<\/p>\n\n\n\n<p>Festivalen h\u00e5lls i Vasa, Finland, och erbjuder en unik m\u00f6jlighet att n\u00e5 b\u00e5de en lokal och internationell publik i hj\u00e4rtat av \u00d6sterbotten \u2013 en region som k\u00e4nnetecknas av sitt rika spr\u00e5kliga och kulturella landskap.<\/p>\n\n\n\n<blockquote class=\"wp-block-quote is-layout-flow wp-block-quote-is-layout-flow\">\n<p class=\"has-text-align-center\">Festivalen vill ocks\u00e5 fr\u00e4mja n\u00e4sta generations filmskapare genom att lyfta fram nya talanger<\/p>\n<\/blockquote>\n\n\n\n<p>Ostrobothnia Filmfest \u00e4ger rum den&nbsp;<strong>21-23 februari 2025<\/strong>&nbsp;och syftar till att bli en m\u00f6tesplats d\u00e4r filmskapare, producenter och branschexperter kan n\u00e4tverka, samarbeta och skapa nya kontakter. Genom paneldiskussioner, workshops och visningar av b\u00e5de regionala och internationella filmer str\u00e4var festivalen efter att bli en grogrund f\u00f6r innovation, m\u00e5ngfald och kvalitet. Festivalen vill ocks\u00e5 fr\u00e4mja n\u00e4sta generations filmskapare genom att lyfta fram nya talanger, vilket bidrar till att utveckla en h\u00e5llbar och levande filmkultur.<\/p>\n\n\n\n<p><strong>Fredagens branschdag<\/strong>, med fokus p\u00e5 n\u00e4tverkande och kompetensutveckling, ger m\u00f6jlighet att diskutera projekt och id\u00e9er med andra akt\u00f6rer inom den audiovisuella industrin.<\/p>\n\n\n\n<p><strong>L\u00f6rdagen<\/strong>\u00a0\u00e4r en publikdag d\u00e5 film\u00e4lskare fr\u00e5n olika bakgrunder och \u00e5ldrar samlas f\u00f6r att ta del av ett kurerat program med b\u00e5de lokala och internationella filmer. Genom diskussioner och m\u00f6ten med filmskapare f\u00e5r publiken chans till direkt feedback och dialog, n\u00e5got som kan vara ov\u00e4rderligt f\u00f6r vidareutvecklingen av framtida projekt.<\/p>\n\n\n\n<p>P\u00e5&nbsp;<strong>s\u00f6ndagen&nbsp;<\/strong>under filmfesten ordnas barnfilmsfestival.<\/p>\n\n\n\n<blockquote class=\"wp-block-quote is-layout-flow wp-block-quote-is-layout-flow\">\n<p>Genom att aktivt bygga broar \u00f6ver Kvarken str\u00e4var festivalen efter att fr\u00e4mja en gemensam film- och kulturplattform som st\u00e4rker banden mellan regionerna<\/p>\n<\/blockquote>\n\n\n\n<p>En av Ostrobothnia Filmfests l\u00e5ngsiktiga m\u00e5ls\u00e4ttningar \u00e4r att&nbsp;<strong>st\u00e4rka samarbetet inom Kvarkenregionen<\/strong>, d\u00e4r V\u00e4sterbotten i Sverige och \u00d6sterbotten i Finland m\u00f6ts. Genom att aktivt bygga broar \u00f6ver Kvarken str\u00e4var festivalen efter att fr\u00e4mja en gemensam film- och kulturplattform som st\u00e4rker banden mellan regionerna, med fokus p\u00e5 filmproduktion, distribution och kulturellt utbyte.<\/p>\n\n\n\n<p><\/p>\n","protected":false},"excerpt":{"rendered":"<p>21-23 Februari 2025 Branschdagen p\u00e5 fredag Filmer och diskussioner f\u00f6r bred publik l\u00f6rdag och s\u00f6ndag Ostrobothnia Film Fest&nbsp;\u00e4r en filmfestival som har vuxit fram ur den uppskattade October Filmfest, vilken sedan 2011 har varit en samlingspunkt f\u00f6r film\u00e4lskare och kreat\u00f6rer i \u00d6sterbotten. Med festivalens nya inriktning 2024, och dess bredare fokus p\u00e5 regionens kulturella m\u00e5ngfald [&hellip;]<\/p>\n","protected":false},"author":2,"featured_media":64,"parent":0,"menu_order":0,"comment_status":"closed","ping_status":"closed","template":"","meta":{"footnotes":""},"class_list":["post-58","page","type-page","status-publish","has-post-thumbnail","hentry"],"_links":{"self":[{"href":"https:\/\/filmiosterbotten.fi\/sv\/wp-json\/wp\/v2\/pages\/58","targetHints":{"allow":["GET"]}}],"collection":[{"href":"https:\/\/filmiosterbotten.fi\/sv\/wp-json\/wp\/v2\/pages"}],"about":[{"href":"https:\/\/filmiosterbotten.fi\/sv\/wp-json\/wp\/v2\/types\/page"}],"author":[{"embeddable":true,"href":"https:\/\/filmiosterbotten.fi\/sv\/wp-json\/wp\/v2\/users\/2"}],"replies":[{"embeddable":true,"href":"https:\/\/filmiosterbotten.fi\/sv\/wp-json\/wp\/v2\/comments?post=58"}],"version-history":[{"count":5,"href":"https:\/\/filmiosterbotten.fi\/sv\/wp-json\/wp\/v2\/pages\/58\/revisions"}],"predecessor-version":[{"id":275,"href":"https:\/\/filmiosterbotten.fi\/sv\/wp-json\/wp\/v2\/pages\/58\/revisions\/275"}],"wp:featuredmedia":[{"embeddable":true,"href":"https:\/\/filmiosterbotten.fi\/sv\/wp-json\/wp\/v2\/media\/64"}],"wp:attachment":[{"href":"https:\/\/filmiosterbotten.fi\/sv\/wp-json\/wp\/v2\/media?parent=58"}],"curies":[{"name":"wp","href":"https:\/\/api.w.org\/{rel}","templated":true}]}}

<div class="wp-block-group alignfull has-global-padding is-layout-constrained wp-container-core-group-is-layout-2df14bad wp-block-group-is-layout-constrained" style="margin-top:0;margin-bottom:0;padding-top:var(--wp--preset--spacing--10);padding-right:var(--wp--preset--spacing--50);padding-bottom:var(--wp--preset--spacing--10);padding-left:var(--wp--preset--spacing--50)">
<div class="wp-block-group alignwide has-global-padding is-layout-constrained wp-container-core-group-is-layout-19e250f3 wp-block-group-is-layout-constrained">
<div class="wp-block-group is-vertical is-content-justification-center is-layout-flex wp-container-core-group-is-layout-6329a8f3 wp-block-group-is-layout-flex">
<h2 class="wp-block-heading has-text-align-center is-style-asterisk">21-23 Februari 2025</h2>
</div>



<div style="height:var(--wp--preset--spacing--40)" aria-hidden="true" class="wp-block-spacer"></div>



<div class="wp-block-columns alignwide is-layout-flex wp-container-core-columns-is-layout-d1c656ed wp-block-columns-is-layout-flex">
<div class="wp-block-column is-vertically-aligned-center is-layout-flow wp-block-column-is-layout-flow" style="flex-basis:40%">
<h3 class="wp-block-heading is-style-asterisk">Branschdagen på fredag</h3>



<ul style="line-height:1.75" class="wp-block-list is-style-checkmark-list">
<li>Mingla med andra filmmakare.</li>



<li>Inspireras av andras projekt.</li>



<li>Diskussioner och intressanta talare.</li>
</ul>
</div>



<div class="wp-block-column is-layout-flow wp-block-column-is-layout-flow" style="flex-basis:50%">
<figure class="wp-block-image size-full is-style-rounded is-style-rounded--1"><img loading="lazy" decoding="async" width="1280" height="853" src="https://filmiosterbotten.fi/wp-content/uploads/2024/09/20240216-N48A2968-Enhanced-NR-October-Film-Fest-2024-VL-Large.jpeg" alt="" class="wp-image-65" srcset="https://filmiosterbotten.fi/wp-content/uploads/2024/09/20240216-N48A2968-Enhanced-NR-October-Film-Fest-2024-VL-Large.jpeg 1280w, https://filmiosterbotten.fi/wp-content/uploads/2024/09/20240216-N48A2968-Enhanced-NR-October-Film-Fest-2024-VL-Large-600x400.jpeg 600w, https://filmiosterbotten.fi/wp-content/uploads/2024/09/20240216-N48A2968-Enhanced-NR-October-Film-Fest-2024-VL-Large-768x512.jpeg 768w" sizes="auto, (max-width: 1280px) 100vw, 1280px" /></figure>
</div>
</div>



<div style="height:var(--wp--preset--spacing--40)" aria-hidden="true" class="wp-block-spacer"></div>



<div class="wp-block-columns alignwide is-layout-flex wp-container-core-columns-is-layout-d1c656ed wp-block-columns-is-layout-flex">
<div class="wp-block-column is-layout-flow wp-block-column-is-layout-flow" style="flex-basis:50%">
<figure class="wp-block-image size-full is-style-rounded is-style-rounded--2"><img loading="lazy" decoding="async" width="1280" height="853" src="https://filmiosterbotten.fi/wp-content/uploads/2024/09/20240216-N48A3183-Enhanced-NR-Axel-Ahman-October-Film-Fest-2024-Pia-Lehto-VL-Large.jpeg" alt="" class="wp-image-63" srcset="https://filmiosterbotten.fi/wp-content/uploads/2024/09/20240216-N48A3183-Enhanced-NR-Axel-Ahman-October-Film-Fest-2024-Pia-Lehto-VL-Large.jpeg 1280w, https://filmiosterbotten.fi/wp-content/uploads/2024/09/20240216-N48A3183-Enhanced-NR-Axel-Ahman-October-Film-Fest-2024-Pia-Lehto-VL-Large-600x400.jpeg 600w, https://filmiosterbotten.fi/wp-content/uploads/2024/09/20240216-N48A3183-Enhanced-NR-Axel-Ahman-October-Film-Fest-2024-Pia-Lehto-VL-Large-768x512.jpeg 768w" sizes="auto, (max-width: 1280px) 100vw, 1280px" /></figure>
</div>



<div class="wp-block-column is-vertically-aligned-center is-layout-flow wp-block-column-is-layout-flow" style="flex-basis:40%">
<h3 class="wp-block-heading is-style-asterisk">Filmer och diskussioner för bred publik lördag och söndag</h3>



<ul style="line-height:1.75" class="wp-block-list is-style-checkmark-list">
<li>Ett urval premiärfilmer och förhandsvisningar.</li>



<li>Diskussioner med filmmakare.</li>



<li>Barnens dag på söndag!</li>
</ul>
</div>
</div>
</div>
</div>



<div style="height:100px" aria-hidden="true" class="wp-block-spacer"></div>



<p><strong>Ostrobothnia Film Fest</strong>&nbsp;är en filmfestival som har vuxit fram ur den uppskattade October Filmfest, vilken sedan 2011 har varit en samlingspunkt för filmälskare och kreatörer i Österbotten. Med festivalens nya inriktning 2024, och dess bredare fokus på regionens kulturella mångfald och kreativitet, fortsätter den att erbjuda en plattform för filmskapare och publik att mötas.&nbsp;</p>



<p>Festivalen hålls i Vasa, Finland, och erbjuder en unik möjlighet att nå både en lokal och internationell publik i hjärtat av Österbotten – en region som kännetecknas av sitt rika språkliga och kulturella landskap.</p>



<blockquote class="wp-block-quote is-layout-flow wp-block-quote-is-layout-flow">
<p class="has-text-align-center">Festivalen vill också främja nästa generations filmskapare genom att lyfta fram nya talanger</p>
</blockquote>



<p>Ostrobothnia Filmfest äger rum den&nbsp;<strong>21-23 februari 2025</strong>&nbsp;och syftar till att bli en mötesplats där filmskapare, producenter och branschexperter kan nätverka, samarbeta och skapa nya kontakter. Genom paneldiskussioner, workshops och visningar av både regionala och internationella filmer strävar festivalen efter att bli en grogrund för innovation, mångfald och kvalitet. Festivalen vill också främja nästa generations filmskapare genom att lyfta fram nya talanger, vilket bidrar till att utveckla en hållbar och levande filmkultur.</p>



<p><strong>Fredagens branschdag</strong>, med fokus på nätverkande och kompetensutveckling, ger möjlighet att diskutera projekt och idéer med andra aktörer inom den audiovisuella industrin.</p>



<p><strong>Lördagen</strong> är en publikdag då filmälskare från olika bakgrunder och åldrar samlas för att ta del av ett kurerat program med både lokala och internationella filmer. Genom diskussioner och möten med filmskapare får publiken chans till direkt feedback och dialog, något som kan vara ovärderligt för vidareutvecklingen av framtida projekt.</p>



<p>På&nbsp;<strong>söndagen&nbsp;</strong>under filmfesten ordnas barnfilmsfestival.</p>



<blockquote class="wp-block-quote is-layout-flow wp-block-quote-is-layout-flow">
<p>Genom att aktivt bygga broar över Kvarken strävar festivalen efter att främja en gemensam film- och kulturplattform som stärker banden mellan regionerna</p>
</blockquote>



<p>En av Ostrobothnia Filmfests långsiktiga målsättningar är att&nbsp;<strong>stärka samarbetet inom Kvarkenregionen</strong>, där Västerbotten i Sverige och Österbotten i Finland möts. Genom att aktivt bygga broar över Kvarken strävar festivalen efter att främja en gemensam film- och kulturplattform som stärker banden mellan regionerna, med fokus på filmproduktion, distribution och kulturellt utbyte.</p>



<p></p>

<p>21-23 Februari 2025 Branschdagen på fredag Filmer och diskussioner för bred publik lördag och söndag Ostrobothnia Film Fest&nbsp;är en filmfestival som har vuxit fram ur den uppskattade October Filmfest, vilken sedan 2011 har varit en samlingspunkt för filmälskare och kreatörer i Österbotten. Med festivalens nya inriktning 2024, och dess bredare fokus på regionens kulturella mångfald [&hellip;]</p>
